is divided by 656?
502
What is the remainder when 227196 is divided by 977?
532
Calculate the remainder when 12338 is divided by 1031.
997
What is the remainder when 968277 is divided by 1866?
1689
Calculate the remainder when 1108612 is divided by 221720.
12
What is the remainder when 372990 is divided by 492?
54
What is the remainder when 5187404 is divided by 91?
40
Calculate the remainder when 2254573 is divided by 112728.
13
What is the remainder when 325938453 is divided by 16?
5
What is the remainder when 239084833 is divided by 49?
15
What is the remainder when 48569106 is divided by 218?
14
Calculate the remainder when 1557138 is divided by 372.
318
What is the remainder when 55323229 is divided by 478?
465
Calculate the remainder when 52570245 is divided by 20.
5
What is the remainder when 645185 is divided by 64489?
295
Calculate the remainder when 8707687 is divided by 639.
34
Calculate the remainder when 7379902 is divided by 238.
236
What is the remainder when 102786 is divided by 12?
6
Calculate the remainder when 240394938 is divided by 8044.
8042
What is the remainder when 1955965 is divided by 688?
669
What is the remainder when 202617 is divided by 306?
45
What is the remainder when 1193294 is divided by 596615?
64
Calculate the remainder when 117082 is divided by 3417.
904
What is the remainder when 3321982 is divided by 225?
82
Calculate the remainder when 528520 is divided by 88083.
22
What is the remainder when 29606120 is divided by 2467170?
80
Calculate the remainder when 385849 is divided by 192913.
23
What is the remainder when 527873 is divided by 175955?
8
Calculate the remainder when 1045779 is divided by 31690.
9
What is the remainder when 78466783 is divided by 44?
43
Calculate the remainder when 24247158 is divided by 783.
780
Calculate the remainder when 52173 is divided by 498.
381
What is the remainder when 856839 is divided by 187?
5
Calculate the remainder when 302336 is divided by 75583.
4
Calculate the remainder when 141280757 is divided by 40.
37
Calculate the remainder when 23078 is divided by 7633.
179
What is the remainder when 5162078 is divided by 573563?
11
Calculate the remainder when 36003577 is divided by 45.
22
What is the remainder when 230282 is divided by 3024?
458
What is the remainder when 29903 is divided by 13725?
2453
What is the remainder when 157245 is divided by 437?
362
Calculate the remainder when 8298587 is divided by 2074622.
99
What is the remainder when 33575278 is divided by 278?
106
What is the remainder when 1190929 is divided by 671?
575
Calculate the remainder when 1981088 is divided by 6926.
252
Calculate the remainder when 211881 is divided by 42371.
26
What is the remainder when 407001 is divided by 6259?
166
What is the remainder when 2743190 is divided by 3468?
2
What is the remainder when 319999 is divided by 140?
99
Calculate the remainder when 123434992 is divided by 59.
30
Calculate the remainder when 862710 is divided by 511.
142
Calculate the remainder when 54320981 is divided by 244.
237
Calculate the remainder when 758784 is divided by 213.
78
Calculate the remainder when 964318 is divided by 126.
40
Calculate the remainder when 223253624 is divided by 21.
20
What is the remainder when 508362 is divided by 8348?
7482
Calculate the remainder when 8650731 is divided by 152.
107
Calculate the remainder when 93544425 is divided by 893.
889
Calculate the remainder when 4611005 is divided by 21446.
115
What is the remainder when 14772170 is divided by 296?
290
Calculate the remainder when 11099840 is divided by 43190.
10
What is the remainder when 26034 is divided by 2568?
354
What is the remainder when 203122163 is divided by 83?
81
What is the remainder when 131169 is divided by 678?
315
What is the remainder when 12205 is divided by 3979?
268
What is the remainder when 117395684 is divided by 61?
25
Calculate the remainder when 171511578 is divided by 193.
5
Calculate the remainder when 2923587 is divided by 10.
7
What is the remainder when 463646 is divided by 24392?
198
Calculate the remainder when 40072357 is divided by 3082488.
13
What is the remainder when 3881421 is divided by 1293787?
60
Calculate the remainder when 233512749 is divided by 10.
9
What is the remainder when 31946938 is divided by 60?
58
Calculate the remainder when 4527880 is divided by 585.
565
What is the remainder when 24065732 is divided by 8021907?
11
Calculate the remainder when 2815406 is divided by 6413.
99
Calculate the remainder when 1629422 is divided by 542965.
527
What is the remainder when 281605 is divided by 1997?
28
Calculate the remainder when 13490501 is divided by 432.
5
Calculate the remainder when 3558454 is divided by 2268.
2230
What is the remainder when 143256845 is divided by 19?
18
What is the remainder when 1165428 is divided by 8154?
7560
What is the remainder when 207809 is divided by 679?
35
Calculate the remainder when 2298135 is divided by 1140.
1035
What is the remainder when 54935 is divided by 2886?
101
What is the remainder when 2156711 is divided by 431331?
56
What is the remainder when 7019850 is divided by 163252?
14
Calculate the remainder when 779206 is divided by 211.
194
What is the remainder when 200390 is divided by 1603?
15
Calculate the remainder when 817258765 is divided by 2143.
2142
Calculate the remainder when 21453 is divided by 457.
431
Calculate the remainder when 578494318 is divided by 10.
8
What is the remainder when 9104291 is divided by 4552145?
1
Calculate the remainder when 2030009 is divided by 73.
25
Calculate the remainder when 713856 is divided by 177529.
3740
What is the remainder when 8840 is divided by 8671?
169
Calculate the remainder when 339316 is divided by 20.
16
What is the remainder when 10914502 is divided by 11501?
53
Calculate the remainder when 30004209 is divided by 2436.
2433
What is the remainder when 698335 is divided by 382?
39
What is the remainder when 8454408 is divided by 7063?
7060
What is the remainder when 120754 is divided by 1632?
1618
What is the remainder when 5844863 is divided by 6950?
6863
Calculate the remainder when 1339433 is divided by 452.
157
Calculate the remainder when 4206914 is divided by 672.
194
What is the remainder when 338289 is divided by 111684?
3237
Calculate the remainder when 26153360 is divided by 153.
152
Calculate the remainder when 10052953 is divided by 8336.
8073
Calculate the remainder when 831367 is divided by 166248.
127
What is the remainder when 40456461 is divided by 2193?
2190
What is the remainder when 171480 is divided by 638?
496
Calculate the remainder when 1277940 is divided by 1.
0
Calculate the remainder when 22431 is divided by 9813.
2805
Calculate the remainder when 7179159 is divided by 14.
1
What is the remainder when 35456 is divided by 1842?
458
What is the remainder when 115600 is divided by 387?
274
What is the remainder when 3584562 is divided by 52?
46
Calculate the remainder when 359285 is divided by 359024.
261
What is the remainder when 66121902 is divided by 81834?
30
Calculate the remainder when 207670 is divided by 45.
40
Calculate the remainder when 35546268 is divided by 3823.
14
Calculate the remainder when 345232 is divided by 486.
172
Calculate the remainder when 14319 is divided by 6998.
323
What is the remainder when 3956980 is divided by 131?
125
Calculate the remainder when 171459 is divided by 256.
195
What is the remainder when 1575764 is divided by 156?
8
What is the remainder when 3087785 is divided by 1543801?
183
What is the remainder when 104367 is divided by 94?
27
What is the remainder when 23654 is divided by 11320?
1014
Calculate the remainder when 698894 is divided by 109.
95
Calculate the remainder when 123863367 is divided by 7834.
7827
What is the remainder when 2231461 is divided by 67?
26
What is the remainder when 1355471 is divided by 202?
51
Calculate the remainder when 19988 is divided by 7310.
5368
Calculate the remainder when 4166770 is divided by 122552.
2
Calculate the remainder when 42143930 is divided by 34.
12
Calculate the remainder when 183615 is divided by 22902.
399
What is the remainder when 124186 is divided by 124148?
38
What is the remainder when 456851 is divided by 32522?
1543
Calculate 